ors of 296470936.
2, 37, 823, 1217
What are the prime factors of 62574485?
5, 281, 44537
List the prime factors of 407620257.
3, 11, 199, 62071
What are the prime factors of 772563493?
13, 31, 659, 2909
What are the prime factors of 1285447365?
3, 5, 2687, 10631
List the prime factors of 3427403055.
3, 5, 37, 6175501
What are the prime factors of 98231526?
2, 3, 29, 227, 829
List the prime factors of 258625662.
2, 3, 23, 1874099
List the prime factors of 32922199.
83, 103, 3851
List the prime factors of 1513499599.
659, 2296661
What are the prime factors of 467463140?
2, 5, 41, 570077
What are the prime factors of 26072645?
5, 17, 101, 3037
What are the prime factors of 356302899?
3, 113, 350347
What are the prime factors of 247544952?
2, 3, 23, 448451
What are the prime factors of 103434942?
2, 3, 13, 1326089
What are the prime factors of 226370688?
2, 3, 589507
List the prime factors of 91578107.
91578107
List the prime factors of 549861593.
233, 2359921
What are the prime factors of 1255746569?
7, 11, 281, 8291
What are the prime factors of 13233469?
523, 25303
List the prime factors of 3132043693.
367, 8534179
List the prime factors of 469736699.
109, 1783, 2417
List the prime factors of 1665478741.
15451, 107791
What are the prime factors of 27765038?
2, 7, 181, 10957
List the prime factors of 1334085325.
5, 269, 198377
List the prime factors of 45447077.
13, 127, 27527
What are the prime factors of 181382683?
19, 9546457
List the prime factors of 373198658.
2, 7, 647, 41201
What are the prime factors of 1827751234?
2, 37, 127, 194483
What are the prime factors of 97373011?
37, 1097, 2399
What are the prime factors of 847452699?
3, 37, 282767
List the prime factors of 969544585.
5, 97, 1999061
List the prime factors of 2117763741.
3, 47, 15019601
List the prime factors of 98823567.
3, 17, 31, 62507
What are the prime factors of 405882915?
3, 5, 27058861
List the prime factors of 579120272.
2, 36195017
List the prime factors of 168537169.
23, 7327703
What are the prime factors of 995453626?
2, 497726813
What are the prime factors of 47902798?
2, 23951399
What are the prime factors of 139117837?
239, 582083
What are the prime factors of 2219667965?
5, 443933593
What are the prime factors of 833860989?
3, 13, 563, 12659
What are the prime factors of 1064103961?
131, 8122931
What are the prime factors of 8546046?
2, 3, 1424341
What are the prime factors of 32143597?
263, 122219
List the prime factors of 25903801.
7, 11, 17, 257
List the prime factors of 57535312.
2, 67, 191, 281
What are the prime factors of 98156672?
2, 281, 2729
What are the prime factors of 32086603?
32086603
List the prime factors of 22148974.
2, 2719, 4073
What are the prime factors of 10493308?
2, 7, 374761
List the prime factors of 2044491771.
3, 7, 6301, 15451
What are the prime factors of 113956372?
2, 17, 31, 54059
List the prime factors of 118566802.
2, 19, 103, 30293
List the prime factors of 74029891.
13, 31, 183697
List the prime factors of 32220839.
7, 4602977
What are the prime factors of 12158357?
2203, 5519
List the prime factors of 104141156.
2, 7, 173, 21499
What are the prime factors of 176306735?
5, 11, 653, 4909
What are the prime factors of 25477990?
2, 5, 491, 5189
What are the prime factors of 47636646?
2, 3, 31, 193, 1327
What are the prime factors of 498089799?
3, 55343311
What are the prime factors of 40600278?
2, 3, 250619
List the prime factors of 707209933.
707209933
What are the prime factors of 244448611?
11, 22222601
List the prime factors of 35335449.
3, 523, 7507
What are the prime factors of 6143035193?
6143035193
List the prime factors of 113744174.
2, 56872087
List the prime factors of 127091236.
2, 31772809
List the prime factors of 146933030.
2, 5, 509, 28867
What are the prime factors of 416253913?
347, 3457
What are the prime factors of 4340964136?
2, 542620517
List the prime factors of 32324258.
2, 31, 521359
List the prime factors of 739520382.
2, 3, 123253397
What are the prime factors of 4814248063?
19, 271, 857, 1091
List the prime factors of 76121975.
5, 3044879
List the prime factors of 4680697172.
2, 20921, 55933
List the prime factors of 267921886.
2, 133960943
List the prime factors of 257953621.
257953621
What are the prime factors of 8908731358?
2, 23, 8420351
What are the prime factors of 37135639?
23, 1614593
List the prime factors of 5366530955.
5, 1487, 721793
List the prime factors of 152808870.
2, 3, 5, 2003, 2543
List the prime factors of 635534068.
2, 13, 23, 531383
List the prime factors of 624549447.
3, 503, 15329
What are the prime factors of 187527923?
11, 17047993
What are the prime factors of 900155314?
2, 37, 307, 39623
What are the prime factors of 9323833405?
5, 43, 53, 818239
List the prime factors of 926406526.
2, 463203263
What are the prime factors of 858665631?
3, 17, 97, 173573
List the prime factors of 1554453938.
2, 777226969
What are the prime factors of 44362453?
6373, 6961
What are the prime factors of 877860985?
5, 175572197
List the prime factors of 56890584.
2, 3, 149, 5303
What are the prime factors of 559060?
2, 5, 27953
List the prime factors of 80010873.
3, 47, 189151
List the prime factors of 102118211.
13, 571, 13757
List the prime factors of 795077785.
5, 127, 353, 3547
List the prime factors of 125045559.
3, 83, 55799
What are the prime factors of 4700581331?
4700581331
List the prime factors of 206452788.
2, 3, 103, 167033
List the prime factors of 50567926.
2, 223, 113381
List the prime factors of 3704030962.
2, 19, 97474499
What are the prime factors of 54710204?
2, 53, 258067
What are the prime factors of 180206369?
7, 337, 1559
List the prime factors of 87904418.
2, 7, 881, 7127
List the prime factors of 256850979.
3, 7, 11, 101, 109
List the prime factors of 160581443.
11, 37, 394549
What are the prime factors of 459179271?
3, 73, 698903
What are the prime factors of 1725378976?
2, 53918093
What are the prime factors of 2872806662?
2, 11, 47, 2778343
What are the prime factors of 2625003802?
2, 31, 5059, 8369
What are the prime factors of 2567991974?
2, 1283995987
List the prime factors of 39953388.
2, 3, 3329449
What are the prime factors of 465446616?
2, 3, 3793, 5113
List the prime factors of 5129700.
2, 3, 5, 17099
List the prime factors of 164183979.
3, 54727993
List the prime factors of 29175008.
2, 911719
List the prime factors of 6213606.
2, 3, 7, 337, 439
List the prime factors of 1660232980.
2, 5, 7, 11858807
What are the prime factors of 103633830?
2, 3, 5, 97, 1319
List the prime factors of 118232884.
2, 7, 11, 29, 31, 61
What are the prime factors of 588166773?
3, 196055591
List the prime factors of 558860363.
17, 29, 1133591
List the prime factors of 1630738933.
29, 56232377
What are the prime factors of 107660072?
2, 13, 113, 9161
List the prime factors of 608954144.
2, 17, 167, 6703
List the prime factors of 288509266.
2, 109, 1323437
List the prime factors of 270582163.
2767, 97789
What are the prime factors of 7622257?
7622257
What are the prime factors of 79987965?
3, 5, 5332531
What are the prime factors of 83009453?
17, 647, 7547
List the prime factors of 92771617.
37, 67, 37423
What are the prime factors of 37051720?
2, 5, 926293
List the prime factors of 58700832.
2, 3, 611467
List the prime factors of 189207883.
233, 812051
List the prime factors of 6104984869.
17, 127, 787, 3593
List the prime factors of 42634496.
2, 166541
What are the prime factors of 101049530?
2, 5, 17, 47, 12647
What are the prime factors of 44340154?
2, 251, 88327
What are the prime factors of 563158949?
17, 33126997
List the prime factors of 42787079.
17, 2516887
List the prime factors of 133595927.
133595927
List the prime factors of 866241600.
2, 3, 5, 7, 29, 127
What are the prime factors of 1079724930?
2, 3, 5, 35990831
List the prime factors of 4202493400.
2, 5, 7, 283, 10607
List the prime factors of 1132121831.
137, 8263663
What are the prime factors of 494854902?
2, 3, 27491939
List the prime factors of 5422467030.
2, 3, 5, 269, 431, 1559
List the prime factors of 5811625085.
5, 7, 29, 5725739
List the prime factors of 1612914135.
3, 5, 7, 2194441
What are the prime factors of 7244633848?
2, 101, 433, 20707
List the prime factors of 121612743.
3, 7, 347, 5563
List t